{"version":"1.0","provider_name":"WIEGO","provider_url":"https:\/\/www.wiego.org\/fr\/","title":"Formalisation de l\u2019\u00e9conomie informelle : exemples pratiques issus d\u2019organisations de travailleuse\u00b7eur\u00b7s","type":"rich","width":600,"height":338,"html":"<blockquote class=\"wp-embedded-content\" data-secret=\"wK4ZA2GqOn\"><a href=\"https:\/\/www.wiego.org\/fr\/events\/formalisation-economie-informelle-exemples-travailleurs\/\">Formalisation de l\u2019\u00e9conomie informelle : exemples pratiques issus d\u2019organisations de travailleuse\u00b7eur\u00b7s<\/a><\/blockquote><iframe sandbox=\"allow-scripts\" security=\"restricted\" src=\"https:\/\/www.wiego.org\/fr\/events\/formalisation-economie-informelle-exemples-travailleurs\/embed\/#?secret=wK4ZA2GqOn\" width=\"600\" height=\"338\" title=\"&#8220;Formalisation de l\u2019\u00e9conomie informelle : exemples pratiques issus d\u2019organisations de travailleuse\u00b7eur\u00b7s&#8221; &#8212; WIEGO\" data-secret=\"wK4ZA2GqOn\" frameborder=\"0\" marginwidth=\"0\" marginheight=\"0\" scrolling=\"no\" class=\"wp-embedded-content\"><\/iframe><script type=\"text\/javascript\">\n\/* <![CDATA[ *\/\n\/*! This file is auto-generated *\/\n!function(d,l){\"use strict\";l.querySelector&&d.addEventListener&&\"undefined\"!=typeof URL&&(d.wp=d.wp||{},d.wp.receiveEmbedMessage||(d.wp.receiveEmbedMessage=function(e){var t=e.data;if((t||t.secret||t.message||t.value)&&!\/[^a-zA-Z0-9]\/.test(t.secret)){for(var s,r,n,a=l.querySelectorAll('iframe[data-secret=\"'+t.secret+'\"]'),o=l.querySelectorAll('blockquote[data-secret=\"'+t.secret+'\"]'),c=new RegExp(\"^https?:$\",\"i\"),i=0;i<o.length;i++)o[i].style.display=\"none\";for(i=0;i<a.length;i++)s=a[i],e.source===s.contentWindow&&(s.removeAttribute(\"style\"),\"height\"===t.message?(1e3<(r=parseInt(t.value,10))?r=1e3:~~r<200&&(r=200),s.height=r):\"link\"===t.message&&(r=new URL(s.getAttribute(\"src\")),n=new URL(t.value),c.test(n.protocol))&&n.host===r.host&&l.activeElement===s&&(d.top.location.href=t.value))}},d.addEventListener(\"message\",d.wp.receiveEmbedMessage,!1),l.addEventListener(\"DOMContentLoaded\",function(){for(var e,t,s=l.querySelectorAll(\"iframe.wp-embedded-content\"),r=0;r<s.length;r++)(t=(e=s[r]).getAttribute(\"data-secret\"))||(t=Math.random().toString(36).substring(2,12),e.src+=\"#?secret=\"+t,e.setAttribute(\"data-secret\",t)),e.contentWindow.postMessage({message:\"ready\",secret:t},\"*\")},!1)))}(window,document);\n\/\/# sourceURL=https:\/\/www.wiego.org\/wp-includes\/js\/wp-embed.min.js\n\/* ]]> *\/\n<\/script>\n","thumbnail_url":"http:\/\/www.wiego.org\/wp-content\/uploads\/2025\/04\/Exemples-pratiques-issus-dorganisations-de-travailleuse\u00b7eur\u00b7s-1024x576.jpg","thumbnail_width":1024,"thumbnail_height":576,"description":"Ce jeudi 8 mai aura lieu le deuxi\u00e8me des trois webinaires consacr\u00e9s \u00e0 la formalisation de l\u2019\u00e9conomie informelle. L\u2019objectif de ce cycle est de favoriser le dialogue et de renforcer la solidarit\u00e9 au sein du mouvement des travailleuse\u00b7eur\u00b7s uni\u00b7e\u00b7s, comme pr\u00e9paration \u00e0 la Conf\u00e9rence internationale du Travail. La CIT de cette ann\u00e9e, qui se tiendra [&hellip;]"}

Formalisation de l’économie informelle : exemples pratiques issus d’organisations de travailleuse·eur·s

<blockquote class="wp-embedded-content" data-secret="wK4ZA2GqOn"><a href="https://www.wiego.org/fr/events/formalisation-economie-informelle-exemples-travailleurs/">Formalisation de l’économie informelle : exemples pratiques issus d’organisations de travailleuse·eur·s</a></blockquote><iframe sandbox="allow-scripts" security="restricted" src="https://www.wiego.org/fr/events/formalisation-economie-informelle-exemples-travailleurs/embed/#?secret=wK4ZA2GqOn" width="600" height="338" title="&#8220;Formalisation de l’économie informelle : exemples pratiques issus d’organisations de travailleuse·eur·s&#8221; &#8212; WIEGO" data-secret="wK4ZA2GqOn" frameborder="0" marginwidth="0" marginheight="0" scrolling="no" class="wp-embedded-content"></iframe><script type="text/javascript">
/* <![CDATA[ */
/*! This file is auto-generated */
!function(d,l){"use strict";l.querySelector&&d.addEventListener&&"undefined"!=typeof URL&&(d.wp=d.wp||{},d.wp.receiveEmbedMessage||(d.wp.receiveEmbedMessage=function(e){var t=e.data;if((t||t.secret||t.message||t.value)&&!/[^a-zA-Z0-9]/.test(t.secret)){for(var s,r,n,a=l.querySelectorAll('iframe[data-secret="'+t.secret+'"]'),o=l.querySelectorAll('blockquote[data-secret="'+t.secret+'"]'),c=new RegExp("^https?:$","i"),i=0;i<o.length;i++)o[i].style.display="none";for(i=0;i<a.length;i++)s=a[i],e.source===s.contentWindow&&(s.removeAttribute("style"),"height"===t.message?(1e3<(r=parseInt(t.value,10))?r=1e3:~~r<200&&(r=200),s.height=r):"link"===t.message&&(r=new URL(s.getAttribute("src")),n=new URL(t.value),c.test(n.protocol))&&n.host===r.host&&l.activeElement===s&&(d.top.location.href=t.value))}},d.addEventListener("message",d.wp.receiveEmbedMessage,!1),l.addEventListener("DOMContentLoaded",function(){for(var e,t,s=l.querySelectorAll("iframe.wp-embedded-content"),r=0;r<s.length;r++)(t=(e=s[r]).getAttribute("data-secret"))||(t=Math.random().toString(36).substring(2,12),e.src+="#?secret="+t,e.setAttribute("data-secret",t)),e.contentWindow.postMessage({message:"ready",secret:t},"*")},!1)))}(window,document);
//# sourceURL=https://www.wiego.org/wp-includes/js/wp-embed.min.js
/* ]]> */
</script>

Ce jeudi 8 mai aura lieu le deuxième des trois webinaires consacrés à la formalisation de l’économie informelle. L’objectif de ce cycle est de favoriser le dialogue et de renforcer la solidarité au sein du mouvement des travailleuse·eur·s uni·e·s, comme préparation à la Conférence internationale du Travail. La CIT de cette année, qui se tiendra [&hellip;]
