{"version":"1.0","provider_name":"WIEGO","provider_url":"https:\/\/www.wiego.org\/es\/","title":"Plan de recuperaci\u00f3n econ\u00f3mica para personas trabajadoras en empleo informal en la CDMX","type":"rich","width":600,"height":338,"html":"<blockquote class=\"wp-embedded-content\" data-secret=\"rKX6c2nvDY\"><a href=\"https:\/\/www.wiego.org\/es\/events\/dialogo-asamblea-wiego-2022\/\">Plan de recuperaci\u00f3n econ\u00f3mica para personas trabajadoras en empleo informal en la CDMX<\/a><\/blockquote><iframe sandbox=\"allow-scripts\" security=\"restricted\" src=\"https:\/\/www.wiego.org\/es\/events\/dialogo-asamblea-wiego-2022\/embed\/#?secret=rKX6c2nvDY\" width=\"600\" height=\"338\" title=\"&#8220;Plan de recuperaci\u00f3n econ\u00f3mica para personas trabajadoras en empleo informal en la CDMX&#8221; &#8212; WIEGO\" data-secret=\"rKX6c2nvDY\" frameborder=\"0\" marginwidth=\"0\" marginheight=\"0\" scrolling=\"no\" class=\"wp-embedded-content\"><\/iframe><script type=\"text\/javascript\">\n\/* <![CDATA[ *\/\n\/*! This file is auto-generated *\/\n!function(d,l){\"use strict\";l.querySelector&&d.addEventListener&&\"undefined\"!=typeof URL&&(d.wp=d.wp||{},d.wp.receiveEmbedMessage||(d.wp.receiveEmbedMessage=function(e){var t=e.data;if((t||t.secret||t.message||t.value)&&!\/[^a-zA-Z0-9]\/.test(t.secret)){for(var s,r,n,a=l.querySelectorAll('iframe[data-secret=\"'+t.secret+'\"]'),o=l.querySelectorAll('blockquote[data-secret=\"'+t.secret+'\"]'),c=new RegExp(\"^https?:$\",\"i\"),i=0;i<o.length;i++)o[i].style.display=\"none\";for(i=0;i<a.length;i++)s=a[i],e.source===s.contentWindow&&(s.removeAttribute(\"style\"),\"height\"===t.message?(1e3<(r=parseInt(t.value,10))?r=1e3:~~r<200&&(r=200),s.height=r):\"link\"===t.message&&(r=new URL(s.getAttribute(\"src\")),n=new URL(t.value),c.test(n.protocol))&&n.host===r.host&&l.activeElement===s&&(d.top.location.href=t.value))}},d.addEventListener(\"message\",d.wp.receiveEmbedMessage,!1),l.addEventListener(\"DOMContentLoaded\",function(){for(var e,t,s=l.querySelectorAll(\"iframe.wp-embedded-content\"),r=0;r<s.length;r++)(t=(e=s[r]).getAttribute(\"data-secret\"))||(t=Math.random().toString(36).substring(2,12),e.src+=\"#?secret=\"+t,e.setAttribute(\"data-secret\",t)),e.contentWindow.postMessage({message:\"ready\",secret:t},\"*\")},!1)))}(window,document);\n\/\/# sourceURL=https:\/\/www.wiego.org\/wp-includes\/js\/wp-embed.min.js\n\/* ]]> *\/\n<\/script>\n","thumbnail_url":"http:\/\/www.wiego.org\/wp-content\/uploads\/2022\/11\/Event Hero Image.png","thumbnail_width":876,"thumbnail_height":566,"description":"Alrededor de la Asamblea General de WIEGO, el 14 de noviembre\u00a0desde las 9 a.m. hasta las 12 m. en la Comisi\u00f3n de Derechos Humanos de la CDMX, WIEGO y la Comisi\u00f3n presentar\u00e1n este di\u00e1logo p\u00fablico sobre las demandas de las personas trabajadoras en empleo informal de la Ciudad de M\u00e9xico. Adem\u00e1s de la intervenci\u00f3n de Tania Espinosa, Coordinadora para la Ciudad de M\u00e9xico del programa Ciudades Focales de WIEGO, se plantear\u00e1 un panel de discusi\u00f3n donde participar\u00e1n centros de investigaci\u00f3n y organizaciones de personas trabajadoras.\u00a0Los panelistas discutir\u00e1n:"}

Plan de recuperación económica para personas trabajadoras en empleo informal en la CDMX

<blockquote class="wp-embedded-content" data-secret="rKX6c2nvDY"><a href="https://www.wiego.org/es/events/dialogo-asamblea-wiego-2022/">Plan de recuperación económica para personas trabajadoras en empleo informal en la CDMX</a></blockquote><iframe sandbox="allow-scripts" security="restricted" src="https://www.wiego.org/es/events/dialogo-asamblea-wiego-2022/embed/#?secret=rKX6c2nvDY" width="600" height="338" title="&#8220;Plan de recuperación económica para personas trabajadoras en empleo informal en la CDMX&#8221; &#8212; WIEGO" data-secret="rKX6c2nvDY" frameborder="0" marginwidth="0" marginheight="0" scrolling="no" class="wp-embedded-content"></iframe><script type="text/javascript">
/* <![CDATA[ */
/*! This file is auto-generated */
!function(d,l){"use strict";l.querySelector&&d.addEventListener&&"undefined"!=typeof URL&&(d.wp=d.wp||{},d.wp.receiveEmbedMessage||(d.wp.receiveEmbedMessage=function(e){var t=e.data;if((t||t.secret||t.message||t.value)&&!/[^a-zA-Z0-9]/.test(t.secret)){for(var s,r,n,a=l.querySelectorAll('iframe[data-secret="'+t.secret+'"]'),o=l.querySelectorAll('blockquote[data-secret="'+t.secret+'"]'),c=new RegExp("^https?:$","i"),i=0;i<o.length;i++)o[i].style.display="none";for(i=0;i<a.length;i++)s=a[i],e.source===s.contentWindow&&(s.removeAttribute("style"),"height"===t.message?(1e3<(r=parseInt(t.value,10))?r=1e3:~~r<200&&(r=200),s.height=r):"link"===t.message&&(r=new URL(s.getAttribute("src")),n=new URL(t.value),c.test(n.protocol))&&n.host===r.host&&l.activeElement===s&&(d.top.location.href=t.value))}},d.addEventListener("message",d.wp.receiveEmbedMessage,!1),l.addEventListener("DOMContentLoaded",function(){for(var e,t,s=l.querySelectorAll("iframe.wp-embedded-content"),r=0;r<s.length;r++)(t=(e=s[r]).getAttribute("data-secret"))||(t=Math.random().toString(36).substring(2,12),e.src+="#?secret="+t,e.setAttribute("data-secret",t)),e.contentWindow.postMessage({message:"ready",secret:t},"*")},!1)))}(window,document);
//# sourceURL=https://www.wiego.org/wp-includes/js/wp-embed.min.js
/* ]]> */
</script>

Alrededor de la Asamblea General de WIEGO, el 14 de noviembre desde las 9 a.m. hasta las 12 m. en la Comisión de Derechos Humanos de la CDMX, WIEGO y la Comisión presentarán este diálogo público sobre las demandas de las personas trabajadoras en empleo informal de la Ciudad de México. Además de la intervención de Tania Espinosa, Coordinadora para la Ciudad de México del programa Ciudades Focales de WIEGO, se planteará un panel de discusión donde participarán centros de investigación y organizaciones de personas trabajadoras. Los panelistas discutirán:
