{"version":"1.0","provider_name":"WIEGO","provider_url":"https:\/\/www.wiego.org\/es\/","title":"Una evidencia ignorada en Davos: fiscalidad y econom\u00eda informal ante la inminente crisis del empleo","type":"rich","width":600,"height":338,"html":"<blockquote class=\"wp-embedded-content\" data-secret=\"q01nZnHy2R\"><a href=\"https:\/\/www.wiego.org\/es\/blog\/evidencia-ignorada-davos-fiscalidad-economia-informal\/\">Una evidencia ignorada en Davos: fiscalidad y econom\u00eda informal ante la inminente crisis del empleo<\/a><\/blockquote><iframe sandbox=\"allow-scripts\" security=\"restricted\" src=\"https:\/\/www.wiego.org\/es\/blog\/evidencia-ignorada-davos-fiscalidad-economia-informal\/embed\/#?secret=q01nZnHy2R\" width=\"600\" height=\"338\" title=\"&#8220;Una evidencia ignorada en Davos: fiscalidad y econom\u00eda informal ante la inminente crisis del empleo&#8221; &#8212; WIEGO\" data-secret=\"q01nZnHy2R\" frameborder=\"0\" marginwidth=\"0\" marginheight=\"0\" scrolling=\"no\" class=\"wp-embedded-content\"><\/iframe><script type=\"text\/javascript\">\n\/* <![CDATA[ *\/\n\/*! This file is auto-generated *\/\n!function(d,l){\"use strict\";l.querySelector&&d.addEventListener&&\"undefined\"!=typeof URL&&(d.wp=d.wp||{},d.wp.receiveEmbedMessage||(d.wp.receiveEmbedMessage=function(e){var t=e.data;if((t||t.secret||t.message||t.value)&&!\/[^a-zA-Z0-9]\/.test(t.secret)){for(var s,r,n,a=l.querySelectorAll('iframe[data-secret=\"'+t.secret+'\"]'),o=l.querySelectorAll('blockquote[data-secret=\"'+t.secret+'\"]'),c=new RegExp(\"^https?:$\",\"i\"),i=0;i<o.length;i++)o[i].style.display=\"none\";for(i=0;i<a.length;i++)s=a[i],e.source===s.contentWindow&&(s.removeAttribute(\"style\"),\"height\"===t.message?(1e3<(r=parseInt(t.value,10))?r=1e3:~~r<200&&(r=200),s.height=r):\"link\"===t.message&&(r=new URL(s.getAttribute(\"src\")),n=new URL(t.value),c.test(n.protocol))&&n.host===r.host&&l.activeElement===s&&(d.top.location.href=t.value))}},d.addEventListener(\"message\",d.wp.receiveEmbedMessage,!1),l.addEventListener(\"DOMContentLoaded\",function(){for(var e,t,s=l.querySelectorAll(\"iframe.wp-embedded-content\"),r=0;r<s.length;r++)(t=(e=s[r]).getAttribute(\"data-secret\"))||(t=Math.random().toString(36).substring(2,12),e.src+=\"#?secret=\"+t,e.setAttribute(\"data-secret\",t)),e.contentWindow.postMessage({message:\"ready\",secret:t},\"*\")},!1)))}(window,document);\n\/\/# sourceURL=https:\/\/www.wiego.org\/wp-includes\/js\/wp-embed.min.js\n\/* ]]> *\/\n<\/script>\n","thumbnail_url":"https:\/\/www.wiego.org\/wp-content\/uploads\/2026\/02\/WIEGO-Blog_Tax-Justice_Thumbnail.jpg","thumbnail_width":2048,"thumbnail_height":1365,"description":"Mientras l\u00edderes de todo el mundo se daban cita en Davos (Suiza) el pasado mes de enero para la 56.\u00aa reuni\u00f3n anual del Foro Econ\u00f3mico Mundial, las incertidumbres geopol\u00edticas, la irrupci\u00f3n de nuevas tecnolog\u00edas y la r\u00e1pida transformaci\u00f3n de las relaciones comerciales se confirmaban como retos de gran calado para el mundo del trabajo. Para [&hellip;]"}

Una evidencia ignorada en Davos: fiscalidad y economía informal ante la inminente crisis del empleo

<blockquote class="wp-embedded-content" data-secret="q01nZnHy2R"><a href="https://www.wiego.org/es/blog/evidencia-ignorada-davos-fiscalidad-economia-informal/">Una evidencia ignorada en Davos: fiscalidad y economía informal ante la inminente crisis del empleo</a></blockquote><iframe sandbox="allow-scripts" security="restricted" src="https://www.wiego.org/es/blog/evidencia-ignorada-davos-fiscalidad-economia-informal/embed/#?secret=q01nZnHy2R" width="600" height="338" title="&#8220;Una evidencia ignorada en Davos: fiscalidad y economía informal ante la inminente crisis del empleo&#8221; &#8212; WIEGO" data-secret="q01nZnHy2R" frameborder="0" marginwidth="0" marginheight="0" scrolling="no" class="wp-embedded-content"></iframe><script type="text/javascript">
/* <![CDATA[ */
/*! This file is auto-generated */
!function(d,l){"use strict";l.querySelector&&d.addEventListener&&"undefined"!=typeof URL&&(d.wp=d.wp||{},d.wp.receiveEmbedMessage||(d.wp.receiveEmbedMessage=function(e){var t=e.data;if((t||t.secret||t.message||t.value)&&!/[^a-zA-Z0-9]/.test(t.secret)){for(var s,r,n,a=l.querySelectorAll('iframe[data-secret="'+t.secret+'"]'),o=l.querySelectorAll('blockquote[data-secret="'+t.secret+'"]'),c=new RegExp("^https?:$","i"),i=0;i<o.length;i++)o[i].style.display="none";for(i=0;i<a.length;i++)s=a[i],e.source===s.contentWindow&&(s.removeAttribute("style"),"height"===t.message?(1e3<(r=parseInt(t.value,10))?r=1e3:~~r<200&&(r=200),s.height=r):"link"===t.message&&(r=new URL(s.getAttribute("src")),n=new URL(t.value),c.test(n.protocol))&&n.host===r.host&&l.activeElement===s&&(d.top.location.href=t.value))}},d.addEventListener("message",d.wp.receiveEmbedMessage,!1),l.addEventListener("DOMContentLoaded",function(){for(var e,t,s=l.querySelectorAll("iframe.wp-embedded-content"),r=0;r<s.length;r++)(t=(e=s[r]).getAttribute("data-secret"))||(t=Math.random().toString(36).substring(2,12),e.src+="#?secret="+t,e.setAttribute("data-secret",t)),e.contentWindow.postMessage({message:"ready",secret:t},"*")},!1)))}(window,document);
//# sourceURL=https://www.wiego.org/wp-includes/js/wp-embed.min.js
/* ]]> */
</script>

Mientras líderes de todo el mundo se daban cita en Davos (Suiza) el pasado mes de enero para la 56.ª reunión anual del Foro Económico Mundial, las incertidumbres geopolíticas, la irrupción de nuevas tecnologías y la rápida transformación de las relaciones comerciales se confirmaban como retos de gran calado para el mundo del trabajo. Para [&hellip;]
